{"id":60020,"date":"2026-04-12T08:58:57","date_gmt":"2026-04-12T06:58:57","guid":{"rendered":"https:\/\/dev6.erresse-shop.it\/shop\/non%20class\u00e9\/rosenthal-vase-falda-27-cm-or\/"},"modified":"2025-09-14T04:31:36","modified_gmt":"2025-09-14T02:31:36","slug":"rosenthal-vase-falda-27-cm-or","status":"publish","type":"product","link":"https:\/\/dev6.erresse-shop.it\/fr\/shop\/ameublement-maison\/vases-fr\/rosenthal-vase-falda-27-cm-or\/","title":{"rendered":"ROSENTHAL Vase Falda 27 cm Or"},"content":{"rendered":"<p>Rosenthal a cr\u00e9\u00e9 Falda, une collection distinctive et intrigante. Ce meuble \u00e9l\u00e9gant et moderne pr\u00e9sente des formes arrondies et lumineuses, tandis que le dessus s\u2019ouvre comme le bord d\u2019une robe. L\u2019int\u00e9rieur est d\u00e9cor\u00e9 en or.<br \/>\nLe jeu de couleurs en clair-obscur rend ce vase unique, singulier et id\u00e9al pour une maison aux styles \u00e0 la fois moderne et classique.<\/p>\n<p>Mat\u00e9riau : Porcelaine<br \/>\nCollection : Falda<\/p>\n","protected":false},"excerpt":{"rendered":"<p>Rosenthal a cr\u00e9\u00e9 Falda, une collection distinctive et intrigante. Ce meuble \u00e9l\u00e9gant et moderne pr\u00e9sente des formes arrondies et lumineuses, tandis que le dessus s\u2019ouvre comme le bord d\u2019une robe. L\u2019int\u00e9rieur est d\u00e9cor\u00e9 en or. Le jeu de couleurs en clair-obscur rend ce vase unique, singulier et id\u00e9al pour une maison aux styles \u00e0 la [&hellip;]<\/p>\n","protected":false},"featured_media":6355665,"template":"","meta":{"_acf_changed":false},"product_cat":[11990,11666,12018],"product_tag":[],"class_list":{"0":"post-60020","1":"product","2":"type-product","3":"status-publish","4":"has-post-thumbnail","6":"product_cat-ameublement-maison","7":"product_cat-arredamento-casa","8":"product_cat-vases-fr","10":"first","11":"outofstock","12":"sale","13":"taxable","14":"shipping-taxable","15":"purchasable","16":"product-type-simple","swatches":"rey-swatches","show_selected":"","stretch_labels":"rey-swatches--stretch-labels"},"acf":[],"yoast_head":"<!-- This site is optimized with the Yoast SEO plugin v25.4 - https:\/\/yoast.com\/wordpress\/plugins\/seo\/ -->\n<title>ROSENTHAL Vase Falda 27 cm Or - dev6 Erresse<\/title>\n<meta name=\"description\" content=\"Rosenthal a cr\u00e9\u00e9 Falda, une collection distinctive et intrigante. Ce meuble \u00e9l\u00e9gant et moderne pr\u00e9sente des formes arrondies et lumineuses, tandis que le\" \/>\n<meta name=\"robots\" content=\"noindex, follow, max-snippet:-1, max-image-preview:large, max-video-preview:-1\" \/>\n<meta property=\"og:locale\" content=\"fr_FR\" \/>\n<meta property=\"og:type\" content=\"article\" \/>\n<meta property=\"og:title\" content=\"ROSENTHAL Vase Falda 27 cm Or - dev6 Erresse\" \/>\n<meta property=\"og:description\" content=\"Rosenthal a cr\u00e9\u00e9 Falda, une collection distinctive et intrigante. Ce meuble \u00e9l\u00e9gant et moderne pr\u00e9sente des formes arrondies et lumineuses, tandis que le\" \/>\n<meta property=\"og:url\" content=\"https:\/\/dev6.erresse-shop.it\/fr\/shop\/ameublement-maison\/vases-fr\/rosenthal-vase-falda-27-cm-or\/\" \/>\n<meta property=\"og:site_name\" content=\"dev6 Erresse\" \/>\n<meta property=\"og:image\" content=\"https:\/\/interpim.erresse-shop.it\/Import\/Prodotti\/vaso-falda-gold-27cm.jpg\" \/><meta property=\"og:image\" content=\"https:\/\/interpim.erresse-shop.it\/Import\/Prodotti\/vaso-falda-gold-27cm.jpg\" \/>\n\t<meta property=\"og:image:width\" content=\"1024\" \/>\n\t<meta property=\"og:image:height\" content=\"1024\" \/>\n\t<meta property=\"og:image:type\" content=\"image\/jpeg\" \/>\n<meta name=\"twitter:card\" content=\"summary_large_image\" \/>\n<meta name=\"twitter:image\" content=\"https:\/\/interpim.erresse-shop.it\/Import\/Prodotti\/vaso-falda-gold-27cm.jpg\" \/>\n<script type=\"application\/ld+json\" class=\"yoast-schema-graph\">{\"@context\":\"https:\/\/schema.org\",\"@graph\":[{\"@type\":\"WebPage\",\"@id\":\"https:\/\/dev6.erresse-shop.it\/fr\/shop\/ameublement-maison\/vases-fr\/rosenthal-vase-falda-27-cm-or\/\",\"url\":\"https:\/\/dev6.erresse-shop.it\/fr\/shop\/ameublement-maison\/vases-fr\/rosenthal-vase-falda-27-cm-or\/\",\"name\":\"ROSENTHAL Vase Falda 27 cm Or - dev6 Erresse\",\"isPartOf\":{\"@id\":\"https:\/\/dev6.erresse-shop.it\/#website\"},\"primaryImageOfPage\":{\"@id\":\"https:\/\/dev6.erresse-shop.it\/fr\/shop\/ameublement-maison\/vases-fr\/rosenthal-vase-falda-27-cm-or\/#primaryimage\"},\"image\":{\"@id\":\"https:\/\/dev6.erresse-shop.it\/fr\/shop\/ameublement-maison\/vases-fr\/rosenthal-vase-falda-27-cm-or\/#primaryimage\"},\"thumbnailUrl\":\"https:\/\/i0.wp.com\/interpim.erresse-shop.it\/Import\/Prodotti\/vaso-falda-gold-27cm.jpg?ssl=1\",\"datePublished\":\"2026-04-12T06:58:57+00:00\",\"description\":\"Rosenthal a cr\u00e9\u00e9 Falda, une collection distinctive et intrigante. Ce meuble \u00e9l\u00e9gant et moderne pr\u00e9sente des formes arrondies et lumineuses, tandis que le\",\"breadcrumb\":{\"@id\":\"https:\/\/dev6.erresse-shop.it\/fr\/shop\/ameublement-maison\/vases-fr\/rosenthal-vase-falda-27-cm-or\/#breadcrumb\"},\"inLanguage\":\"fr-FR\",\"potentialAction\":[{\"@type\":\"ReadAction\",\"target\":[\"https:\/\/dev6.erresse-shop.it\/fr\/shop\/ameublement-maison\/vases-fr\/rosenthal-vase-falda-27-cm-or\/\"]}]},{\"@type\":\"ImageObject\",\"inLanguage\":\"fr-FR\",\"@id\":\"https:\/\/dev6.erresse-shop.it\/fr\/shop\/ameublement-maison\/vases-fr\/rosenthal-vase-falda-27-cm-or\/#primaryimage\",\"url\":\"https:\/\/i0.wp.com\/interpim.erresse-shop.it\/Import\/Prodotti\/vaso-falda-gold-27cm.jpg?ssl=1\",\"contentUrl\":\"https:\/\/i0.wp.com\/interpim.erresse-shop.it\/Import\/Prodotti\/vaso-falda-gold-27cm.jpg?ssl=1\"},{\"@type\":\"BreadcrumbList\",\"@id\":\"https:\/\/dev6.erresse-shop.it\/fr\/shop\/ameublement-maison\/vases-fr\/rosenthal-vase-falda-27-cm-or\/#breadcrumb\",\"itemListElement\":[{\"@type\":\"ListItem\",\"position\":1,\"name\":\"Home\",\"item\":\"https:\/\/dev6.erresse-shop.it\/\"},{\"@type\":\"ListItem\",\"position\":2,\"name\":\"Boutique\",\"item\":\"https:\/\/dev6.erresse-shop.it\/shop\/\"},{\"@type\":\"ListItem\",\"position\":3,\"name\":\"ROSENTHAL Vase Falda 27 cm Or\"}]},{\"@type\":\"WebSite\",\"@id\":\"https:\/\/dev6.erresse-shop.it\/#website\",\"url\":\"https:\/\/dev6.erresse-shop.it\/\",\"name\":\"Erresse Shop\",\"description\":\"\",\"publisher\":{\"@id\":\"https:\/\/dev6.erresse-shop.it\/#organization\"},\"potentialAction\":[{\"@type\":\"SearchAction\",\"target\":{\"@type\":\"EntryPoint\",\"urlTemplate\":\"https:\/\/dev6.erresse-shop.it\/?s={search_term_string}\"},\"query-input\":{\"@type\":\"PropertyValueSpecification\",\"valueRequired\":true,\"valueName\":\"search_term_string\"}}],\"inLanguage\":\"fr-FR\"},{\"@type\":\"Organization\",\"@id\":\"https:\/\/dev6.erresse-shop.it\/#organization\",\"name\":\"Erresse Shop\",\"url\":\"https:\/\/dev6.erresse-shop.it\/\",\"logo\":{\"@type\":\"ImageObject\",\"inLanguage\":\"fr-FR\",\"@id\":\"https:\/\/dev6.erresse-shop.it\/#\/schema\/logo\/image\/\",\"url\":\"https:\/\/dev6.erresse-shop.it\/wp-content\/uploads\/2025\/01\/LOGO-ERRESSE-CLASSICO.svg\",\"contentUrl\":\"https:\/\/dev6.erresse-shop.it\/wp-content\/uploads\/2025\/01\/LOGO-ERRESSE-CLASSICO.svg\",\"caption\":\"Erresse Shop\"},\"image\":{\"@id\":\"https:\/\/dev6.erresse-shop.it\/#\/schema\/logo\/image\/\"}}]}<\/script>\n<!-- \/ Yoast SEO plugin. -->","yoast_head_json":{"title":"ROSENTHAL Vase Falda 27 cm Or - dev6 Erresse","description":"Rosenthal a cr\u00e9\u00e9 Falda, une collection distinctive et intrigante. Ce meuble \u00e9l\u00e9gant et moderne pr\u00e9sente des formes arrondies et lumineuses, tandis que le","robots":{"index":"noindex","follow":"follow","max-snippet":"max-snippet:-1","max-image-preview":"max-image-preview:large","max-video-preview":"max-video-preview:-1"},"og_locale":"fr_FR","og_type":"article","og_title":"ROSENTHAL Vase Falda 27 cm Or - dev6 Erresse","og_description":"Rosenthal a cr\u00e9\u00e9 Falda, une collection distinctive et intrigante. Ce meuble \u00e9l\u00e9gant et moderne pr\u00e9sente des formes arrondies et lumineuses, tandis que le","og_url":"https:\/\/dev6.erresse-shop.it\/fr\/shop\/ameublement-maison\/vases-fr\/rosenthal-vase-falda-27-cm-or\/","og_site_name":"dev6 Erresse","og_image":[{"url":"https:\/\/interpim.erresse-shop.it\/Import\/Prodotti\/vaso-falda-gold-27cm.jpg","type":"","width":"","height":""},{"url":"https:\/\/interpim.erresse-shop.it\/Import\/Prodotti\/vaso-falda-gold-27cm.jpg","width":1024,"height":1024,"type":"image\/jpeg"}],"twitter_card":"summary_large_image","twitter_image":"https:\/\/interpim.erresse-shop.it\/Import\/Prodotti\/vaso-falda-gold-27cm.jpg","schema":{"@context":"https:\/\/schema.org","@graph":[{"@type":"WebPage","@id":"https:\/\/dev6.erresse-shop.it\/fr\/shop\/ameublement-maison\/vases-fr\/rosenthal-vase-falda-27-cm-or\/","url":"https:\/\/dev6.erresse-shop.it\/fr\/shop\/ameublement-maison\/vases-fr\/rosenthal-vase-falda-27-cm-or\/","name":"ROSENTHAL Vase Falda 27 cm Or - dev6 Erresse","isPartOf":{"@id":"https:\/\/dev6.erresse-shop.it\/#website"},"primaryImageOfPage":{"@id":"https:\/\/dev6.erresse-shop.it\/fr\/shop\/ameublement-maison\/vases-fr\/rosenthal-vase-falda-27-cm-or\/#primaryimage"},"image":{"@id":"https:\/\/dev6.erresse-shop.it\/fr\/shop\/ameublement-maison\/vases-fr\/rosenthal-vase-falda-27-cm-or\/#primaryimage"},"thumbnailUrl":"https:\/\/i0.wp.com\/interpim.erresse-shop.it\/Import\/Prodotti\/vaso-falda-gold-27cm.jpg?ssl=1","datePublished":"2026-04-12T06:58:57+00:00","description":"Rosenthal a cr\u00e9\u00e9 Falda, une collection distinctive et intrigante. Ce meuble \u00e9l\u00e9gant et moderne pr\u00e9sente des formes arrondies et lumineuses, tandis que le","breadcrumb":{"@id":"https:\/\/dev6.erresse-shop.it\/fr\/shop\/ameublement-maison\/vases-fr\/rosenthal-vase-falda-27-cm-or\/#breadcrumb"},"inLanguage":"fr-FR","potentialAction":[{"@type":"ReadAction","target":["https:\/\/dev6.erresse-shop.it\/fr\/shop\/ameublement-maison\/vases-fr\/rosenthal-vase-falda-27-cm-or\/"]}]},{"@type":"ImageObject","inLanguage":"fr-FR","@id":"https:\/\/dev6.erresse-shop.it\/fr\/shop\/ameublement-maison\/vases-fr\/rosenthal-vase-falda-27-cm-or\/#primaryimage","url":"https:\/\/i0.wp.com\/interpim.erresse-shop.it\/Import\/Prodotti\/vaso-falda-gold-27cm.jpg?ssl=1","contentUrl":"https:\/\/i0.wp.com\/interpim.erresse-shop.it\/Import\/Prodotti\/vaso-falda-gold-27cm.jpg?ssl=1"},{"@type":"BreadcrumbList","@id":"https:\/\/dev6.erresse-shop.it\/fr\/shop\/ameublement-maison\/vases-fr\/rosenthal-vase-falda-27-cm-or\/#breadcrumb","itemListElement":[{"@type":"ListItem","position":1,"name":"Home","item":"https:\/\/dev6.erresse-shop.it\/"},{"@type":"ListItem","position":2,"name":"Boutique","item":"https:\/\/dev6.erresse-shop.it\/shop\/"},{"@type":"ListItem","position":3,"name":"ROSENTHAL Vase Falda 27 cm Or"}]},{"@type":"WebSite","@id":"https:\/\/dev6.erresse-shop.it\/#website","url":"https:\/\/dev6.erresse-shop.it\/","name":"Erresse Shop","description":"","publisher":{"@id":"https:\/\/dev6.erresse-shop.it\/#organization"},"potentialAction":[{"@type":"SearchAction","target":{"@type":"EntryPoint","urlTemplate":"https:\/\/dev6.erresse-shop.it\/?s={search_term_string}"},"query-input":{"@type":"PropertyValueSpecification","valueRequired":true,"valueName":"search_term_string"}}],"inLanguage":"fr-FR"},{"@type":"Organization","@id":"https:\/\/dev6.erresse-shop.it\/#organization","name":"Erresse Shop","url":"https:\/\/dev6.erresse-shop.it\/","logo":{"@type":"ImageObject","inLanguage":"fr-FR","@id":"https:\/\/dev6.erresse-shop.it\/#\/schema\/logo\/image\/","url":"https:\/\/dev6.erresse-shop.it\/wp-content\/uploads\/2025\/01\/LOGO-ERRESSE-CLASSICO.svg","contentUrl":"https:\/\/dev6.erresse-shop.it\/wp-content\/uploads\/2025\/01\/LOGO-ERRESSE-CLASSICO.svg","caption":"Erresse Shop"},"image":{"@id":"https:\/\/dev6.erresse-shop.it\/#\/schema\/logo\/image\/"}}]}},"df_price":469.95,"df_sale_price":469.95,"df_regular_price":590,"df_image_link":"https:\/\/i0.wp.com\/interpim.erresse-shop.it\/Import\/Prodotti\/vaso-falda-gold-27cm.jpg?resize=300,300&ssl=1","fifu_image_url":"https:\/\/interpim.erresse-shop.it\/Import\/Prodotti\/vaso-falda-gold-27cm.jpg","_links":{"self":[{"href":"https:\/\/dev6.erresse-shop.it\/fr\/wp-json\/wp\/v2\/product\/60020","targetHints":{"allow":["GET"]}}],"collection":[{"href":"https:\/\/dev6.erresse-shop.it\/fr\/wp-json\/wp\/v2\/product"}],"about":[{"href":"https:\/\/dev6.erresse-shop.it\/fr\/wp-json\/wp\/v2\/types\/product"}],"wp:featuredmedia":[{"embeddable":true,"href":"https:\/\/dev6.erresse-shop.it\/fr\/wp-json\/wp\/v2\/media\/6355665"}],"wp:attachment":[{"href":"https:\/\/dev6.erresse-shop.it\/fr\/wp-json\/wp\/v2\/media?parent=60020"}],"wp:term":[{"taxonomy":"product_cat","embeddable":true,"href":"https:\/\/dev6.erresse-shop.it\/fr\/wp-json\/wp\/v2\/product_cat?post=60020"},{"taxonomy":"product_tag","embeddable":true,"href":"https:\/\/dev6.erresse-shop.it\/fr\/wp-json\/wp\/v2\/product_tag?post=60020"}],"curies":[{"name":"wp","href":"https:\/\/api.w.org\/{rel}","templated":true}]}}

https://dev6.erresse-shop.it/shop/non%20classé/rosenthal-vase-falda-27-cm-or/

<p>Rosenthal a créé Falda, une collection distinctive et intrigante. Ce meuble élégant et moderne présente des formes arrondies et lumineuses, tandis que le dessus s’ouvre comme le bord d’une robe. L’intérieur est décoré en or.<br />
Le jeu de couleurs en clair-obscur rend ce vase unique, singulier et idéal pour une maison aux styles à la fois moderne et classique.</p>
<p>Matériau : Porcelaine<br />
Collection : Falda</p>

<p>Rosenthal a créé Falda, une collection distinctive et intrigante. Ce meuble élégant et moderne présente des formes arrondies et lumineuses, tandis que le dessus s’ouvre comme le bord d’une robe. L’intérieur est décoré en or. Le jeu de couleurs en clair-obscur rend ce vase unique, singulier et idéal pour une maison aux styles à la [&hellip;]</p>

<!-- This site is optimized with the Yoast SEO plugin v25.4 - https://yoast.com/wordpress/plugins/seo/ -->
<title>ROSENTHAL Vase Falda 27 cm Or - dev6 Erresse</title>
<meta name="description" content="Rosenthal a créé Falda, une collection distinctive et intrigante. Ce meuble élégant et moderne présente des formes arrondies et lumineuses, tandis que le" />
<meta name="robots" content="noindex, follow, max-snippet:-1, max-image-preview:large, max-video-preview:-1" />
<meta property="og:locale" content="fr_FR" />
<meta property="og:type" content="article" />
<meta property="og:title" content="ROSENTHAL Vase Falda 27 cm Or - dev6 Erresse" />
<meta property="og:description" content="Rosenthal a créé Falda, une collection distinctive et intrigante. Ce meuble élégant et moderne présente des formes arrondies et lumineuses, tandis que le" />
<meta property="og:url" content="https://dev6.erresse-shop.it/fr/shop/ameublement-maison/vases-fr/rosenthal-vase-falda-27-cm-or/" />
<meta property="og:site_name" content="dev6 Erresse" />
<meta property="og:image" content="https://interpim.erresse-shop.it/Import/Prodotti/vaso-falda-gold-27cm.jpg" /><meta property="og:image" content="https://interpim.erresse-shop.it/Import/Prodotti/vaso-falda-gold-27cm.jpg" />
	<meta property="og:image:width" content="1024" />
	<meta property="og:image:height" content="1024" />
	<meta property="og:image:type" content="image/jpeg" />
<meta name="twitter:card" content="summary_large_image" />
<meta name="twitter:image" content="https://interpim.erresse-shop.it/Import/Prodotti/vaso-falda-gold-27cm.jpg" />
<script type="application/ld+json" class="yoast-schema-graph">{"@context":"https://schema.org","@graph":[{"@type":"WebPage","@id":"https://dev6.erresse-shop.it/fr/shop/ameublement-maison/vases-fr/rosenthal-vase-falda-27-cm-or/","url":"https://dev6.erresse-shop.it/fr/shop/ameublement-maison/vases-fr/rosenthal-vase-falda-27-cm-or/","name":"ROSENTHAL Vase Falda 27 cm Or - dev6 Erresse","isPartOf":{"@id":"https://dev6.erresse-shop.it/#website"},"primaryImageOfPage":{"@id":"https://dev6.erresse-shop.it/fr/shop/ameublement-maison/vases-fr/rosenthal-vase-falda-27-cm-or/#primaryimage"},"image":{"@id":"https://dev6.erresse-shop.it/fr/shop/ameublement-maison/vases-fr/rosenthal-vase-falda-27-cm-or/#primaryimage"},"thumbnailUrl":"https://i0.wp.com/interpim.erresse-shop.it/Import/Prodotti/vaso-falda-gold-27cm.jpg?ssl=1","datePublished":"2026-04-12T06:58:57+00:00","description":"Rosenthal a créé Falda, une collection distinctive et intrigante. Ce meuble élégant et moderne présente des formes arrondies et lumineuses, tandis que le","breadcrumb":{"@id":"https://dev6.erresse-shop.it/fr/shop/ameublement-maison/vases-fr/rosenthal-vase-falda-27-cm-or/#breadcrumb"},"inLanguage":"fr-FR","potentialAction":[{"@type":"ReadAction","target":["https://dev6.erresse-shop.it/fr/shop/ameublement-maison/vases-fr/rosenthal-vase-falda-27-cm-or/"]}]},{"@type":"ImageObject","inLanguage":"fr-FR","@id":"https://dev6.erresse-shop.it/fr/shop/ameublement-maison/vases-fr/rosenthal-vase-falda-27-cm-or/#primaryimage","url":"https://i0.wp.com/interpim.erresse-shop.it/Import/Prodotti/vaso-falda-gold-27cm.jpg?ssl=1","contentUrl":"https://i0.wp.com/interpim.erresse-shop.it/Import/Prodotti/vaso-falda-gold-27cm.jpg?ssl=1"},{"@type":"BreadcrumbList","@id":"https://dev6.erresse-shop.it/fr/shop/ameublement-maison/vases-fr/rosenthal-vase-falda-27-cm-or/#breadcrumb","itemListElement":[{"@type":"ListItem","position":1,"name":"Home","item":"https://dev6.erresse-shop.it/"},{"@type":"ListItem","position":2,"name":"Boutique","item":"https://dev6.erresse-shop.it/shop/"},{"@type":"ListItem","position":3,"name":"ROSENTHAL Vase Falda 27 cm Or"}]},{"@type":"WebSite","@id":"https://dev6.erresse-shop.it/#website","url":"https://dev6.erresse-shop.it/","name":"Erresse Shop","description":"","publisher":{"@id":"https://dev6.erresse-shop.it/#organization"},"potentialAction":[{"@type":"SearchAction","target":{"@type":"EntryPoint","urlTemplate":"https://dev6.erresse-shop.it/?s={search_term_string}"},"query-input":{"@type":"PropertyValueSpecification","valueRequired":true,"valueName":"search_term_string"}}],"inLanguage":"fr-FR"},{"@type":"Organization","@id":"https://dev6.erresse-shop.it/#organization","name":"Erresse Shop","url":"https://dev6.erresse-shop.it/","logo":{"@type":"ImageObject","inLanguage":"fr-FR","@id":"https://dev6.erresse-shop.it/#/schema/logo/image/","url":"https://dev6.erresse-shop.it/wp-content/uploads/2025/01/LOGO-ERRESSE-CLASSICO.svg","contentUrl":"https://dev6.erresse-shop.it/wp-content/uploads/2025/01/LOGO-ERRESSE-CLASSICO.svg","caption":"Erresse Shop"},"image":{"@id":"https://dev6.erresse-shop.it/#/schema/logo/image/"}}]}</script>
<!-- / Yoast SEO plugin. -->

Rosenthal a créé Falda, une collection distinctive et intrigante. Ce meuble élégant et moderne présente des formes arrondies et lumineuses, tandis que le
