{"id":1600826,"date":"2026-04-12T13:34:09","date_gmt":"2026-04-12T11:34:09","guid":{"rendered":"https:\/\/dev6.erresse-shop.it\/shop\/unkategorisiert\/alessi-mediterraneo-frucht-halter-inox-25-cm\/"},"modified":"2025-09-14T03:11:34","modified_gmt":"2025-09-14T01:11:34","slug":"alessi-mediterraneo-frucht-halter-inox-25-cm","status":"publish","type":"product","link":"https:\/\/dev6.erresse-shop.it\/de\/shop\/tisch\/koerbe-und-schalen\/alessi-mediterraneo-frucht-halter-inox-25-cm\/","title":{"rendered":"ALESSI Mediterraneo Frucht-Halter Inox 25 cm"},"content":{"rendered":"<p>Die Natur des Meeresbodens ist die Inspiration f\u00fcr die mediterrane Obstschale. LPWK- Emma Silvestris zelebriert die Koralle und \u00fcbertr\u00e4gt die magische und symbolische Aura der Unterwasserwelt auf Metall. Die aus Edelstahl gefertigte Obstschale Mediterraneo bringt Licht und essentielle Formen, die das Meer bev\u00f6lkern, auf den Tisch.<\/p>\n<p>Merkmale<br \/>\n\u2013 Material: Stahl<br \/>\n\u2013 Durchmesser: 25 cm<br \/>\n\u2013 H\u00f6he: 9 cm<\/p>\n","protected":false},"excerpt":{"rendered":"<p>Die Natur des Meeresbodens ist die Inspiration f\u00fcr die mediterrane Obstschale. LPWK- Emma Silvestris zelebriert die Koralle und \u00fcbertr\u00e4gt die magische und symbolische Aura der Unterwasserwelt auf Metall. Die aus Edelstahl gefertigte Obstschale Mediterraneo bringt Licht und essentielle Formen, die das Meer bev\u00f6lkern, auf den Tisch. Merkmale \u2013 Material: Stahl \u2013 Durchmesser: 25 cm \u2013 [&hellip;]<\/p>\n","protected":false},"featured_media":6377325,"template":"","meta":{"_acf_changed":false},"product_cat":[12123,12103],"product_tag":[],"class_list":{"0":"post-1600826","1":"product","2":"type-product","3":"status-publish","4":"has-post-thumbnail","6":"product_cat-koerbe-und-schalen","7":"product_cat-tisch","9":"first","10":"instock","11":"sale","12":"taxable","13":"shipping-taxable","14":"purchasable","15":"product-type-simple","swatches":"rey-swatches","show_selected":"","stretch_labels":"rey-swatches--stretch-labels"},"acf":[],"yoast_head":"<!-- This site is optimized with the Yoast SEO plugin v25.4 - https:\/\/yoast.com\/wordpress\/plugins\/seo\/ -->\n<title>ALESSI Mediterraneo Frucht-Halter Inox 25 cm - dev6 Erresse<\/title>\n<meta name=\"description\" content=\"Die Natur des Meeresbodens ist die Inspiration f\u00fcr die mediterrane Obstschale. LPWK- Emma Silvestris zelebriert die Koralle und \u00fcbertr\u00e4gt die magische und\" \/>\n<meta name=\"robots\" content=\"noindex, follow, max-snippet:-1, max-image-preview:large, max-video-preview:-1\" \/>\n<meta property=\"og:locale\" content=\"de_DE\" \/>\n<meta property=\"og:type\" content=\"article\" \/>\n<meta property=\"og:title\" content=\"ALESSI Mediterraneo Frucht-Halter Inox 25 cm - dev6 Erresse\" \/>\n<meta property=\"og:description\" content=\"Die Natur des Meeresbodens ist die Inspiration f\u00fcr die mediterrane Obstschale. LPWK- Emma Silvestris zelebriert die Koralle und \u00fcbertr\u00e4gt die magische und\" \/>\n<meta property=\"og:url\" content=\"https:\/\/dev6.erresse-shop.it\/de\/shop\/tisch\/koerbe-und-schalen\/alessi-mediterraneo-frucht-halter-inox-25-cm\/\" \/>\n<meta property=\"og:site_name\" content=\"dev6 Erresse\" \/>\n<meta property=\"og:image\" content=\"https:\/\/interpim.erresse-shop.it\/Import\/Prodotti\/alessi-mediterraneo-fruttiera-inox-25-cm.jpg\" \/><meta property=\"og:image\" content=\"https:\/\/interpim.erresse-shop.it\/Import\/Prodotti\/alessi-mediterraneo-fruttiera-inox-25-cm.jpg\" \/>\n\t<meta property=\"og:image:width\" content=\"1024\" \/>\n\t<meta property=\"og:image:height\" content=\"1024\" \/>\n\t<meta property=\"og:image:type\" content=\"image\/jpeg\" \/>\n<meta name=\"twitter:card\" content=\"summary_large_image\" \/>\n<meta name=\"twitter:image\" content=\"https:\/\/interpim.erresse-shop.it\/Import\/Prodotti\/alessi-mediterraneo-fruttiera-inox-25-cm.jpg\" \/>\n<script type=\"application\/ld+json\" class=\"yoast-schema-graph\">{\"@context\":\"https:\/\/schema.org\",\"@graph\":[{\"@type\":\"WebPage\",\"@id\":\"https:\/\/dev6.erresse-shop.it\/de\/shop\/tisch\/koerbe-und-schalen\/alessi-mediterraneo-frucht-halter-inox-25-cm\/\",\"url\":\"https:\/\/dev6.erresse-shop.it\/de\/shop\/tisch\/koerbe-und-schalen\/alessi-mediterraneo-frucht-halter-inox-25-cm\/\",\"name\":\"ALESSI Mediterraneo Frucht-Halter Inox 25 cm - dev6 Erresse\",\"isPartOf\":{\"@id\":\"https:\/\/dev6.erresse-shop.it\/#website\"},\"primaryImageOfPage\":{\"@id\":\"https:\/\/dev6.erresse-shop.it\/de\/shop\/tisch\/koerbe-und-schalen\/alessi-mediterraneo-frucht-halter-inox-25-cm\/#primaryimage\"},\"image\":{\"@id\":\"https:\/\/dev6.erresse-shop.it\/de\/shop\/tisch\/koerbe-und-schalen\/alessi-mediterraneo-frucht-halter-inox-25-cm\/#primaryimage\"},\"thumbnailUrl\":\"https:\/\/i3.wp.com\/interpim.erresse-shop.it\/Import\/Prodotti\/alessi-mediterraneo-fruttiera-inox-25-cm.jpg?ssl=1\",\"datePublished\":\"2026-04-12T11:34:09+00:00\",\"description\":\"Die Natur des Meeresbodens ist die Inspiration f\u00fcr die mediterrane Obstschale. LPWK- Emma Silvestris zelebriert die Koralle und \u00fcbertr\u00e4gt die magische und\",\"breadcrumb\":{\"@id\":\"https:\/\/dev6.erresse-shop.it\/de\/shop\/tisch\/koerbe-und-schalen\/alessi-mediterraneo-frucht-halter-inox-25-cm\/#breadcrumb\"},\"inLanguage\":\"de\",\"potentialAction\":[{\"@type\":\"ReadAction\",\"target\":[\"https:\/\/dev6.erresse-shop.it\/de\/shop\/tisch\/koerbe-und-schalen\/alessi-mediterraneo-frucht-halter-inox-25-cm\/\"]}]},{\"@type\":\"ImageObject\",\"inLanguage\":\"de\",\"@id\":\"https:\/\/dev6.erresse-shop.it\/de\/shop\/tisch\/koerbe-und-schalen\/alessi-mediterraneo-frucht-halter-inox-25-cm\/#primaryimage\",\"url\":\"https:\/\/i3.wp.com\/interpim.erresse-shop.it\/Import\/Prodotti\/alessi-mediterraneo-fruttiera-inox-25-cm.jpg?ssl=1\",\"contentUrl\":\"https:\/\/i3.wp.com\/interpim.erresse-shop.it\/Import\/Prodotti\/alessi-mediterraneo-fruttiera-inox-25-cm.jpg?ssl=1\"},{\"@type\":\"BreadcrumbList\",\"@id\":\"https:\/\/dev6.erresse-shop.it\/de\/shop\/tisch\/koerbe-und-schalen\/alessi-mediterraneo-frucht-halter-inox-25-cm\/#breadcrumb\",\"itemListElement\":[{\"@type\":\"ListItem\",\"position\":1,\"name\":\"Home\",\"item\":\"https:\/\/dev6.erresse-shop.it\/\"},{\"@type\":\"ListItem\",\"position\":2,\"name\":\"Shop\",\"item\":\"https:\/\/dev6.erresse-shop.it\/shop\/\"},{\"@type\":\"ListItem\",\"position\":3,\"name\":\"ALESSI Mediterraneo Frucht-Halter Inox 25 cm\"}]},{\"@type\":\"WebSite\",\"@id\":\"https:\/\/dev6.erresse-shop.it\/#website\",\"url\":\"https:\/\/dev6.erresse-shop.it\/\",\"name\":\"Erresse Shop\",\"description\":\"\",\"publisher\":{\"@id\":\"https:\/\/dev6.erresse-shop.it\/#organization\"},\"potentialAction\":[{\"@type\":\"SearchAction\",\"target\":{\"@type\":\"EntryPoint\",\"urlTemplate\":\"https:\/\/dev6.erresse-shop.it\/?s={search_term_string}\"},\"query-input\":{\"@type\":\"PropertyValueSpecification\",\"valueRequired\":true,\"valueName\":\"search_term_string\"}}],\"inLanguage\":\"de\"},{\"@type\":\"Organization\",\"@id\":\"https:\/\/dev6.erresse-shop.it\/#organization\",\"name\":\"Erresse Shop\",\"url\":\"https:\/\/dev6.erresse-shop.it\/\",\"logo\":{\"@type\":\"ImageObject\",\"inLanguage\":\"de\",\"@id\":\"https:\/\/dev6.erresse-shop.it\/#\/schema\/logo\/image\/\",\"url\":\"https:\/\/dev6.erresse-shop.it\/wp-content\/uploads\/2025\/01\/LOGO-ERRESSE-CLASSICO.svg\",\"contentUrl\":\"https:\/\/dev6.erresse-shop.it\/wp-content\/uploads\/2025\/01\/LOGO-ERRESSE-CLASSICO.svg\",\"caption\":\"Erresse Shop\"},\"image\":{\"@id\":\"https:\/\/dev6.erresse-shop.it\/#\/schema\/logo\/image\/\"}}]}<\/script>\n<!-- \/ Yoast SEO plugin. -->","yoast_head_json":{"title":"ALESSI Mediterraneo Frucht-Halter Inox 25 cm - dev6 Erresse","description":"Die Natur des Meeresbodens ist die Inspiration f\u00fcr die mediterrane Obstschale. LPWK- Emma Silvestris zelebriert die Koralle und \u00fcbertr\u00e4gt die magische und","robots":{"index":"noindex","follow":"follow","max-snippet":"max-snippet:-1","max-image-preview":"max-image-preview:large","max-video-preview":"max-video-preview:-1"},"og_locale":"de_DE","og_type":"article","og_title":"ALESSI Mediterraneo Frucht-Halter Inox 25 cm - dev6 Erresse","og_description":"Die Natur des Meeresbodens ist die Inspiration f\u00fcr die mediterrane Obstschale. LPWK- Emma Silvestris zelebriert die Koralle und \u00fcbertr\u00e4gt die magische und","og_url":"https:\/\/dev6.erresse-shop.it\/de\/shop\/tisch\/koerbe-und-schalen\/alessi-mediterraneo-frucht-halter-inox-25-cm\/","og_site_name":"dev6 Erresse","og_image":[{"url":"https:\/\/interpim.erresse-shop.it\/Import\/Prodotti\/alessi-mediterraneo-fruttiera-inox-25-cm.jpg","type":"","width":"","height":""},{"url":"https:\/\/interpim.erresse-shop.it\/Import\/Prodotti\/alessi-mediterraneo-fruttiera-inox-25-cm.jpg","width":1024,"height":1024,"type":"image\/jpeg"}],"twitter_card":"summary_large_image","twitter_image":"https:\/\/interpim.erresse-shop.it\/Import\/Prodotti\/alessi-mediterraneo-fruttiera-inox-25-cm.jpg","schema":{"@context":"https:\/\/schema.org","@graph":[{"@type":"WebPage","@id":"https:\/\/dev6.erresse-shop.it\/de\/shop\/tisch\/koerbe-und-schalen\/alessi-mediterraneo-frucht-halter-inox-25-cm\/","url":"https:\/\/dev6.erresse-shop.it\/de\/shop\/tisch\/koerbe-und-schalen\/alessi-mediterraneo-frucht-halter-inox-25-cm\/","name":"ALESSI Mediterraneo Frucht-Halter Inox 25 cm - dev6 Erresse","isPartOf":{"@id":"https:\/\/dev6.erresse-shop.it\/#website"},"primaryImageOfPage":{"@id":"https:\/\/dev6.erresse-shop.it\/de\/shop\/tisch\/koerbe-und-schalen\/alessi-mediterraneo-frucht-halter-inox-25-cm\/#primaryimage"},"image":{"@id":"https:\/\/dev6.erresse-shop.it\/de\/shop\/tisch\/koerbe-und-schalen\/alessi-mediterraneo-frucht-halter-inox-25-cm\/#primaryimage"},"thumbnailUrl":"https:\/\/i3.wp.com\/interpim.erresse-shop.it\/Import\/Prodotti\/alessi-mediterraneo-fruttiera-inox-25-cm.jpg?ssl=1","datePublished":"2026-04-12T11:34:09+00:00","description":"Die Natur des Meeresbodens ist die Inspiration f\u00fcr die mediterrane Obstschale. LPWK- Emma Silvestris zelebriert die Koralle und \u00fcbertr\u00e4gt die magische und","breadcrumb":{"@id":"https:\/\/dev6.erresse-shop.it\/de\/shop\/tisch\/koerbe-und-schalen\/alessi-mediterraneo-frucht-halter-inox-25-cm\/#breadcrumb"},"inLanguage":"de","potentialAction":[{"@type":"ReadAction","target":["https:\/\/dev6.erresse-shop.it\/de\/shop\/tisch\/koerbe-und-schalen\/alessi-mediterraneo-frucht-halter-inox-25-cm\/"]}]},{"@type":"ImageObject","inLanguage":"de","@id":"https:\/\/dev6.erresse-shop.it\/de\/shop\/tisch\/koerbe-und-schalen\/alessi-mediterraneo-frucht-halter-inox-25-cm\/#primaryimage","url":"https:\/\/i3.wp.com\/interpim.erresse-shop.it\/Import\/Prodotti\/alessi-mediterraneo-fruttiera-inox-25-cm.jpg?ssl=1","contentUrl":"https:\/\/i3.wp.com\/interpim.erresse-shop.it\/Import\/Prodotti\/alessi-mediterraneo-fruttiera-inox-25-cm.jpg?ssl=1"},{"@type":"BreadcrumbList","@id":"https:\/\/dev6.erresse-shop.it\/de\/shop\/tisch\/koerbe-und-schalen\/alessi-mediterraneo-frucht-halter-inox-25-cm\/#breadcrumb","itemListElement":[{"@type":"ListItem","position":1,"name":"Home","item":"https:\/\/dev6.erresse-shop.it\/"},{"@type":"ListItem","position":2,"name":"Shop","item":"https:\/\/dev6.erresse-shop.it\/shop\/"},{"@type":"ListItem","position":3,"name":"ALESSI Mediterraneo Frucht-Halter Inox 25 cm"}]},{"@type":"WebSite","@id":"https:\/\/dev6.erresse-shop.it\/#website","url":"https:\/\/dev6.erresse-shop.it\/","name":"Erresse Shop","description":"","publisher":{"@id":"https:\/\/dev6.erresse-shop.it\/#organization"},"potentialAction":[{"@type":"SearchAction","target":{"@type":"EntryPoint","urlTemplate":"https:\/\/dev6.erresse-shop.it\/?s={search_term_string}"},"query-input":{"@type":"PropertyValueSpecification","valueRequired":true,"valueName":"search_term_string"}}],"inLanguage":"de"},{"@type":"Organization","@id":"https:\/\/dev6.erresse-shop.it\/#organization","name":"Erresse Shop","url":"https:\/\/dev6.erresse-shop.it\/","logo":{"@type":"ImageObject","inLanguage":"de","@id":"https:\/\/dev6.erresse-shop.it\/#\/schema\/logo\/image\/","url":"https:\/\/dev6.erresse-shop.it\/wp-content\/uploads\/2025\/01\/LOGO-ERRESSE-CLASSICO.svg","contentUrl":"https:\/\/dev6.erresse-shop.it\/wp-content\/uploads\/2025\/01\/LOGO-ERRESSE-CLASSICO.svg","caption":"Erresse Shop"},"image":{"@id":"https:\/\/dev6.erresse-shop.it\/#\/schema\/logo\/image\/"}}]}},"df_price":119.95,"df_sale_price":119.95,"df_regular_price":140,"df_image_link":"https:\/\/i3.wp.com\/interpim.erresse-shop.it\/Import\/Prodotti\/alessi-mediterraneo-fruttiera-inox-25-cm.jpg?resize=300,300&ssl=1","fifu_image_url":"https:\/\/interpim.erresse-shop.it\/Import\/Prodotti\/alessi-mediterraneo-fruttiera-inox-25-cm.jpg","_links":{"self":[{"href":"https:\/\/dev6.erresse-shop.it\/de\/wp-json\/wp\/v2\/product\/1600826","targetHints":{"allow":["GET"]}}],"collection":[{"href":"https:\/\/dev6.erresse-shop.it\/de\/wp-json\/wp\/v2\/product"}],"about":[{"href":"https:\/\/dev6.erresse-shop.it\/de\/wp-json\/wp\/v2\/types\/product"}],"wp:featuredmedia":[{"embeddable":true,"href":"https:\/\/dev6.erresse-shop.it\/de\/wp-json\/wp\/v2\/media\/6377325"}],"wp:attachment":[{"href":"https:\/\/dev6.erresse-shop.it\/de\/wp-json\/wp\/v2\/media?parent=1600826"}],"wp:term":[{"taxonomy":"product_cat","embeddable":true,"href":"https:\/\/dev6.erresse-shop.it\/de\/wp-json\/wp\/v2\/product_cat?post=1600826"},{"taxonomy":"product_tag","embeddable":true,"href":"https:\/\/dev6.erresse-shop.it\/de\/wp-json\/wp\/v2\/product_tag?post=1600826"}],"curies":[{"name":"wp","href":"https:\/\/api.w.org\/{rel}","templated":true}]}}

<p>Die Natur des Meeresbodens ist die Inspiration für die mediterrane Obstschale. LPWK- Emma Silvestris zelebriert die Koralle und überträgt die magische und symbolische Aura der Unterwasserwelt auf Metall. Die aus Edelstahl gefertigte Obstschale Mediterraneo bringt Licht und essentielle Formen, die das Meer bevölkern, auf den Tisch.</p>
<p>Merkmale<br />
– Material: Stahl<br />
– Durchmesser: 25 cm<br />
– Höhe: 9 cm</p>

<p>Die Natur des Meeresbodens ist die Inspiration für die mediterrane Obstschale. LPWK- Emma Silvestris zelebriert die Koralle und überträgt die magische und symbolische Aura der Unterwasserwelt auf Metall. Die aus Edelstahl gefertigte Obstschale Mediterraneo bringt Licht und essentielle Formen, die das Meer bevölkern, auf den Tisch. Merkmale – Material: Stahl – Durchmesser: 25 cm – [&hellip;]</p>

<!-- This site is optimized with the Yoast SEO plugin v25.4 - https://yoast.com/wordpress/plugins/seo/ -->
<title>ALESSI Mediterraneo Frucht-Halter Inox 25 cm - dev6 Erresse</title>
<meta name="description" content="Die Natur des Meeresbodens ist die Inspiration für die mediterrane Obstschale. LPWK- Emma Silvestris zelebriert die Koralle und überträgt die magische und" />
<meta name="robots" content="noindex, follow, max-snippet:-1, max-image-preview:large, max-video-preview:-1" />
<meta property="og:locale" content="de_DE" />
<meta property="og:type" content="article" />
<meta property="og:title" content="ALESSI Mediterraneo Frucht-Halter Inox 25 cm - dev6 Erresse" />
<meta property="og:description" content="Die Natur des Meeresbodens ist die Inspiration für die mediterrane Obstschale. LPWK- Emma Silvestris zelebriert die Koralle und überträgt die magische und" />
<meta property="og:url" content="https://dev6.erresse-shop.it/de/shop/tisch/koerbe-und-schalen/alessi-mediterraneo-frucht-halter-inox-25-cm/" />
<meta property="og:site_name" content="dev6 Erresse" />
<meta property="og:image" content="https://interpim.erresse-shop.it/Import/Prodotti/alessi-mediterraneo-fruttiera-inox-25-cm.jpg" /><meta property="og:image" content="https://interpim.erresse-shop.it/Import/Prodotti/alessi-mediterraneo-fruttiera-inox-25-cm.jpg" />
	<meta property="og:image:width" content="1024" />
	<meta property="og:image:height" content="1024" />
	<meta property="og:image:type" content="image/jpeg" />
<meta name="twitter:card" content="summary_large_image" />
<meta name="twitter:image" content="https://interpim.erresse-shop.it/Import/Prodotti/alessi-mediterraneo-fruttiera-inox-25-cm.jpg" />
<script type="application/ld+json" class="yoast-schema-graph">{"@context":"https://schema.org","@graph":[{"@type":"WebPage","@id":"https://dev6.erresse-shop.it/de/shop/tisch/koerbe-und-schalen/alessi-mediterraneo-frucht-halter-inox-25-cm/","url":"https://dev6.erresse-shop.it/de/shop/tisch/koerbe-und-schalen/alessi-mediterraneo-frucht-halter-inox-25-cm/","name":"ALESSI Mediterraneo Frucht-Halter Inox 25 cm - dev6 Erresse","isPartOf":{"@id":"https://dev6.erresse-shop.it/#website"},"primaryImageOfPage":{"@id":"https://dev6.erresse-shop.it/de/shop/tisch/koerbe-und-schalen/alessi-mediterraneo-frucht-halter-inox-25-cm/#primaryimage"},"image":{"@id":"https://dev6.erresse-shop.it/de/shop/tisch/koerbe-und-schalen/alessi-mediterraneo-frucht-halter-inox-25-cm/#primaryimage"},"thumbnailUrl":"https://i3.wp.com/interpim.erresse-shop.it/Import/Prodotti/alessi-mediterraneo-fruttiera-inox-25-cm.jpg?ssl=1","datePublished":"2026-04-12T11:34:09+00:00","description":"Die Natur des Meeresbodens ist die Inspiration für die mediterrane Obstschale. LPWK- Emma Silvestris zelebriert die Koralle und überträgt die magische und","breadcrumb":{"@id":"https://dev6.erresse-shop.it/de/shop/tisch/koerbe-und-schalen/alessi-mediterraneo-frucht-halter-inox-25-cm/#breadcrumb"},"inLanguage":"de","potentialAction":[{"@type":"ReadAction","target":["https://dev6.erresse-shop.it/de/shop/tisch/koerbe-und-schalen/alessi-mediterraneo-frucht-halter-inox-25-cm/"]}]},{"@type":"ImageObject","inLanguage":"de","@id":"https://dev6.erresse-shop.it/de/shop/tisch/koerbe-und-schalen/alessi-mediterraneo-frucht-halter-inox-25-cm/#primaryimage","url":"https://i3.wp.com/interpim.erresse-shop.it/Import/Prodotti/alessi-mediterraneo-fruttiera-inox-25-cm.jpg?ssl=1","contentUrl":"https://i3.wp.com/interpim.erresse-shop.it/Import/Prodotti/alessi-mediterraneo-fruttiera-inox-25-cm.jpg?ssl=1"},{"@type":"BreadcrumbList","@id":"https://dev6.erresse-shop.it/de/shop/tisch/koerbe-und-schalen/alessi-mediterraneo-frucht-halter-inox-25-cm/#breadcrumb","itemListElement":[{"@type":"ListItem","position":1,"name":"Home","item":"https://dev6.erresse-shop.it/"},{"@type":"ListItem","position":2,"name":"Shop","item":"https://dev6.erresse-shop.it/shop/"},{"@type":"ListItem","position":3,"name":"ALESSI Mediterraneo Frucht-Halter Inox 25 cm"}]},{"@type":"WebSite","@id":"https://dev6.erresse-shop.it/#website","url":"https://dev6.erresse-shop.it/","name":"Erresse Shop","description":"","publisher":{"@id":"https://dev6.erresse-shop.it/#organization"},"potentialAction":[{"@type":"SearchAction","target":{"@type":"EntryPoint","urlTemplate":"https://dev6.erresse-shop.it/?s={search_term_string}"},"query-input":{"@type":"PropertyValueSpecification","valueRequired":true,"valueName":"search_term_string"}}],"inLanguage":"de"},{"@type":"Organization","@id":"https://dev6.erresse-shop.it/#organization","name":"Erresse Shop","url":"https://dev6.erresse-shop.it/","logo":{"@type":"ImageObject","inLanguage":"de","@id":"https://dev6.erresse-shop.it/#/schema/logo/image/","url":"https://dev6.erresse-shop.it/wp-content/uploads/2025/01/LOGO-ERRESSE-CLASSICO.svg","contentUrl":"https://dev6.erresse-shop.it/wp-content/uploads/2025/01/LOGO-ERRESSE-CLASSICO.svg","caption":"Erresse Shop"},"image":{"@id":"https://dev6.erresse-shop.it/#/schema/logo/image/"}}]}</script>
<!-- / Yoast SEO plugin. -->

Die Natur des Meeresbodens ist die Inspiration für die mediterrane Obstschale. LPWK- Emma Silvestris zelebriert die Koralle und überträgt die magische und
